{"id":998,"date":"2025-11-23T18:14:12","date_gmt":"2025-11-23T17:14:12","guid":{"rendered":"https:\/\/pete-smith.de\/?page_id=998"},"modified":"2026-02-23T16:52:43","modified_gmt":"2026-02-23T15:52:43","slug":"theater","status":"publish","type":"page","link":"https:\/\/pete-smith.de\/?page_id=998","title":{"rendered":"Theater"},"content":{"rendered":"\n<h2 class=\"wp-block-heading\">&#8222;L\u00fcgentheater&#8220; &#8211; eine Partitur<\/h2>\n\n\n\n<p>Ich bin ein Geist, deine Tarnung, bin deine zweite Haut. Ich bin dein Schatten. Bin das Licht, das dich blendet und in dem du dich sonnst.<br \/>Bin Ruhm und Ehre, Geiz und Gier. Will herrschen, walten, gelten, will dir nutzen, dich sch\u00fctzen vor Strafe, Tadel und Verachtung, ich verteidige deine Freiheit, h\u00fcte<br \/>deine W\u00fcrde, bin das R\u00fcckgrat deiner Moral.<\/p>\n\n\n\n<p>Ich bin deine Freundin, deine Vertraute, deine Geliebte.<br \/>Ich bin das Tabu, der Akt unter deiner Decke, der aufgebl\u00e4hte Vorhang in deinen Tr\u00e4umen, das Geld, das sich wundersam vermehrt, die Zehntelsekunde Vorsprung in deiner dynamisch-beschleunigten Welt.<\/p>\n\n\n\n<p>Bin Wort, bin Blick, bin Geste.<br \/>Ich bin ein Spiel, ein Schauspiel, ein Drama: Trag\u00f6die, Farce, Posse und R\u00fchrst\u00fcck.<\/p>\n\n\n\n<hr class=\"wp-block-separator\"\/>\n\n\n\n<div class=\"wp-block-group is-layout-flow wp-block-group-is-layout-flow\">\n<div class=\"wp-block-columns is-layout-flex wp-container-core-columns-is-layout-28f84493 wp-block-columns-is-layout-flex\">\n<div class=\"wp-block-column is-layout-flow wp-block-column-is-layout-flow\" style=\"flex-basis:100%\">\n<div class=\"wp-block-group is-layout-flow wp-block-group-is-layout-flow\">\n<div class=\"wp-block-columns is-layout-flex wp-container-core-columns-is-layout-28f84493 wp-block-columns-is-layout-flex\">\n<div class=\"wp-block-column is-layout-flow wp-block-column-is-layout-flow\" style=\"flex-basis:100%\">\n<div class=\"wp-block-columns is-layout-flex wp-container-core-columns-is-layout-28f84493 wp-block-columns-is-layout-flex\">\n<div class=\"wp-block-column is-layout-flow wp-block-column-is-layout-flow\" style=\"flex-basis:100%\">\n<figure class=\"wp-block-gallery has-nested-images columns-default is-cropped wp-block-gallery-1 is-layout-flex wp-block-gallery-is-layout-flex\">\n<figure class=\"wp-block-image size-full\"><img fetchpriority=\"high\" decoding=\"async\" width=\"654\" height=\"828\" data-id=\"1007\" src=\"https:\/\/pete-smith.de\/wp-content\/uploads\/2025\/11\/Lugentheater-Plakat-3.jpg\" alt=\"\" class=\"wp-image-1007\" srcset=\"https:\/\/pete-smith.de\/wp-content\/uploads\/2025\/11\/Lugentheater-Plakat-3.jpg 654w, https:\/\/pete-smith.de\/wp-content\/uploads\/2025\/11\/Lugentheater-Plakat-3-100x127.jpg 100w, https:\/\/pete-smith.de\/wp-content\/uploads\/2025\/11\/Lugentheater-Plakat-3-588x744.jpg 588w\" sizes=\"(max-width: 654px) 100vw, 654px\" \/><\/figure>\n\n\n\n<figure class=\"wp-block-image size-large\"><img decoding=\"async\" width=\"640\" height=\"960\" data-id=\"1006\" src=\"http:\/\/pete-smith.de\/wp-content\/uploads\/2025\/11\/Lugentheater-12-1.jpg\" alt=\"\" class=\"wp-image-1006\" srcset=\"https:\/\/pete-smith.de\/wp-content\/uploads\/2025\/11\/Lugentheater-12-1.jpg 640w, https:\/\/pete-smith.de\/wp-content\/uploads\/2025\/11\/Lugentheater-12-1-100x150.jpg 100w, https:\/\/pete-smith.de\/wp-content\/uploads\/2025\/11\/Lugentheater-12-1-588x882.jpg 588w\" sizes=\"(max-width: 640px) 100vw, 640px\" \/><\/figure>\n<\/figure>\n<\/div>\n<\/div>\n<\/div>\n<\/div>\n<\/div>\n<\/div>\n<\/div>\n<\/div>\n\n\n\n<p>Das &#8222;L\u00fcgentheater&#8220;, eine Partitur in f\u00fcnf Akten, feierte am 27. Februar 2016 am Frankfurter Autoren Theater (FAT) Premiere. Unter der Regie von Beatnik (Adrian Scherschel) und mit Randi Rettel in der Hauptrolle lief das St\u00fcck mit gro\u00dfem Erfolg bis zum 27. April 2017 am FAT.<\/p>\n\n\n\n<hr class=\"wp-block-separator\"\/>\n\n\n\n<p>&#8222;Was sich aus der kunstvollen Collage ergibt, ist eine kleine Studie \u00fcber den sprachlichen Habitus der \u00f6ffentlichen L\u00fcge. (&#8230;) Ein Erkenntnisgewinn ist zu greifen: Man hat etwas erfahren \u00fcber das Wesen des L\u00fcgens in der \u00d6ffentlichkeit in einer eher sinnlich ansprechenden als rationalen Weise.&#8220;<\/p>\n\n\n\n<p>                                                                                                                              Frankfurter Rundschau<\/p>\n","protected":false},"excerpt":{"rendered":"<p>&#8222;L\u00fcgentheater&#8220; &#8211; eine Partitur Ich bin ein Geist, deine Tarnung, bin deine zweite Haut. Ich bin dein Schatten. Bin das [&hellip;]<\/p>\n","protected":false},"author":1,"featured_media":0,"parent":0,"menu_order":6,"comment_status":"closed","ping_status":"closed","template":"","meta":{"saved_in_kubio":false,"_gspb_post_css":"","content-type":"","site-sidebar-layout":"default","site-content-layout":"","ast-site-content-layout":"default","site-content-style":"default","site-sidebar-style":"default","ast-global-header-display":"","ast-banner-title-visibility":"","ast-main-header-display":"","ast-hfb-above-header-display":"","ast-hfb-below-header-display":"","ast-hfb-mobile-header-display":"","site-post-title":"","ast-breadcrumbs-content":"","ast-featured-img":"","footer-sml-layout":"","ast-disable-related-posts":"","theme-transparent-header-meta":"","adv-header-id-meta":"","stick-header-meta":"","header-above-stick-meta":"","header-main-stick-meta":"","header-below-stick-meta":"","astra-migrate-meta-layouts":"default","ast-page-background-enabled":"default","ast-page-background-meta":{"desktop":{"background-color":"var(--ast-global-color-5)","background-image":"","background-repeat":"repeat","background-position":"center center","background-size":"auto","background-attachment":"scroll","background-type":"","background-media":"","overlay-type":"","overlay-color":"","overlay-opacity":"","overlay-gradient":""},"tablet":{"background-color":"","background-image":"","background-repeat":"repeat","background-position":"center center","background-size":"auto","background-attachment":"scroll","background-type":"","background-media":"","overlay-type":"","overlay-color":"","overlay-opacity":"","overlay-gradient":""},"mobile":{"background-color":"","background-image":"","background-repeat":"repeat","background-position":"center center","background-size":"auto","background-attachment":"scroll","background-type":"","background-media":"","overlay-type":"","overlay-color":"","overlay-opacity":"","overlay-gradient":""}},"ast-content-background-meta":{"desktop":{"background-color":"var(--ast-global-color-4)","background-image":"","background-repeat":"repeat","background-position":"center center","background-size":"auto","background-attachment":"scroll","background-type":"","background-media":"","overlay-type":"","overlay-color":"","overlay-opacity":"","overlay-gradient":""},"tablet":{"background-color":"var(--ast-global-color-4)","background-image":"","background-repeat":"repeat","background-position":"center center","background-size":"auto","background-attachment":"scroll","background-type":"","background-media":"","overlay-type":"","overlay-color":"","overlay-opacity":"","overlay-gradient":""},"mobile":{"background-color":"var(--ast-global-color-4)","background-image":"","background-repeat":"repeat","background-position":"center center","background-size":"auto","background-attachment":"scroll","background-type":"","background-media":"","overlay-type":"","overlay-color":"","overlay-opacity":"","overlay-gradient":""}},"ngg_post_thumbnail":0,"footnotes":""},"class_list":["post-998","page","type-page","status-publish","hentry"],"aioseo_notices":[],"kubio_ai_page_context":{"short_desc":"","purpose":"general"},"brizy_media":[],"_links":{"self":[{"href":"https:\/\/pete-smith.de\/index.php?rest_route=\/wp\/v2\/pages\/998","targetHints":{"allow":["GET"]}}],"collection":[{"href":"https:\/\/pete-smith.de\/index.php?rest_route=\/wp\/v2\/pages"}],"about":[{"href":"https:\/\/pete-smith.de\/index.php?rest_route=\/wp\/v2\/types\/page"}],"author":[{"embeddable":true,"href":"https:\/\/pete-smith.de\/index.php?rest_route=\/wp\/v2\/users\/1"}],"replies":[{"embeddable":true,"href":"https:\/\/pete-smith.de\/index.php?rest_route=%2Fwp%2Fv2%2Fcomments&post=998"}],"version-history":[{"count":4,"href":"https:\/\/pete-smith.de\/index.php?rest_route=\/wp\/v2\/pages\/998\/revisions"}],"predecessor-version":[{"id":1029,"href":"https:\/\/pete-smith.de\/index.php?rest_route=\/wp\/v2\/pages\/998\/revisions\/1029"}],"wp:attachment":[{"href":"https:\/\/pete-smith.de\/index.php?rest_route=%2Fwp%2Fv2%2Fmedia&parent=998"}],"curies":[{"name":"wp","href":"https:\/\/api.w.org\/{rel}","templated":true}]}}